2. Calculate the highest common factor of u and l.
9
Let j(l) = -l**3 - 24*l**2 - 24*l - 1. Let m be j(-23). Suppose -5*y + 5*n + 100 = 0, -82 = -3*y + n - m. Calculate the greatest common divisor of y and 10.
10
Suppose 3*g + 0*k - 116 = 4*k, 5*k = -3*g + 152. What is the highest common divisor of 242 and g?
22
Suppose 48*k + 36 = 2340. Calculate the greatest common divisor of 384 and k.
48
Let v(p) = p**2 + 5*p + 20. Let o be v(-9). Let w = o + -28. Calculate the highest common factor of w and 7.
7
Suppose 5*m - 25 - 195 = 0. Let q(i) be the first derivative of -i**2/2 + 17*i + 15. Let v be q(13). Calculate the greatest common factor of m and v.
4
Let j = -1278 + 2358. What is the highest common divisor of 120 and j?
120
Suppose 0 = -5*z + 261 - 11. Suppose -2*q - q = 0. Suppose q + z = 5*m. Calculate the greatest common divisor of 15 and m.
5
Suppose s = -5*r + 7*r + 111, -4*r = 4*s - 408. What is the highest common factor of 25 and s?
5
Suppose 3*v - o - 2656 = 0, 4*o = 2*v - 0*o - 1764. Suppose -2*u - 2*d + v = 0, -2*u + 0*u = -5*d - 872. Calculate the highest common divisor of u and 49.
49
Let u(a) = -6*a - 19. Let n be u(-6). Suppose 0 = -4*c + 7 + n. Let f be c/(-39) + 548/13. What is the greatest common divisor of f and 7?
7
Let w(p) = -p**3 + 5*p**2 + 2. Let z be w(5). Suppose 22 = -h + z*h + 2*n, -n = 4. What is the greatest common factor of h and 10?
10
Let q(t) = -10*t - 74. Let s be q(-11). What is the greatest common factor of 612 and s?
36
Suppose 0*s = s - 4. Suppose -4*k + 3 = -5, -5*k - 10 = -s*z. Suppose -z*f + 75 = 2*i, -4*f - 27 + 87 = 5*i. What is the highest common factor of 3 and f?
3
Suppose 24*j - 91 - 221 = 0. What is the greatest common divisor of 13 and j?
13
Suppose 0 = 3*q + w + 216, -3*q - 3*w - 283 = q. Let r = q - -102. Let x be (-1 + -28)*(10 - 17). What is the highest common factor of x and r?
29
Suppose -18*j + 1300 = -13*j. What is the highest common factor of 40 and j?
20
Suppose 34 = 5*x - 26. Let v be 96/(-200)*5*(-15)/2. What is the highest common divisor of v and x?
6
Let w = -972 - -980. What is the highest common factor of 136 and w?
8
Let i(m) = -20*m**3 - 2*m**2 + 1. Let s be i(-1). Let r be (4/1 + (-1628)/308)*-133. Calculate the greatest common divisor of r and s.
19
Suppose 0 = 8*m - 83 - 61. Suppose a + 12 = 2*f, 3*f + 1 - m = a. Let r be f/(-20) + (-93)/(-4). Calculate the greatest common factor of 184 and r.
23
Suppose 5*t + 3*l = 135, 2*l + 335 = 2*t + 265. Suppose 3*m + 38 = 2*p, 3*p + 4*m - 54 + 14 = 0. Let f = p + -4. What is the greatest common divisor of t and f?
6
Let t(x) = 2*x + 0*x**3 + 4*x**3 - 3*x**3 - 3 - 3*x**3 - 2*x**2. Let w be t(-3). What is the greatest common divisor of w and 3?
3
Let a = -60 - -85. Let o be (-1 - 29)*(-10)/a. Calculate the greatest common factor of 132 and o.
12
Let t(p) = -10*p - 84. Let c be t(-14). What is the greatest common divisor of 40 and c?
8
Let x be (-12)/28 + (-8352)/(-84). What is the highest common divisor of 18 and x?
9
Let f(t) = -t**2 - 28*t - 45. Let d be f(-25). Calculate the greatest common divisor of d and 6.
6
Let n = -2 + -3. Let r be 64/40 + (-2)/n. Let f be r/(2 + (-1 - -1)). What is the greatest common factor of 1 and f?
1
Suppose -39516 = -28*x - 9*x. What is the greatest common factor of x and 24?
12
Let m(w) = 2*w + 39. Let d be m(-11). What is the highest common factor of 323 and d?
17
Suppose t = 3*t. Suppose t = -3*a + 4 + 2. Suppose 4*q = n + n + 4, 0 = -a*n + 2*q. What is the highest common factor of n and 22?
2
Let d be (-5 - 1)/((-90)/600). Suppose 2*z + 5*y + 5 = 0, -5*y + 10 = -z + 6*z. Calculate the highest common divisor of z and d.
5
Let w(s) = 79*s**2 - 2*s - 7. Let q be w(-2). Suppose -20*z + 7 = -q. Calculate the greatest common divisor of 48 and z.
16
Suppose 0 = -5*d - 8 - 22. Let x = d + 9. Suppose 4*n = -0*n - z + 67, x*n - 29 = -5*z. What is the greatest common divisor of n and 90?
18
Let p be 2/(-10) - 8/(-40). Suppose 0 = 3*q - p - 6. Suppose 2*l - 72 = -q*l. What is the greatest common divisor of 6 and l?
6
Let x(y) = -y**2 - y + 29. Let h be x(0). Let q(w) = w**3 - 6*w**2 + 15*w - 9. Let z be q(7). Calculate the greatest common divisor of h and z.
29
Suppose -119*g - 114 = -121*g. Calculate the greatest common factor of 627 and g.
57
Let c(y) = -3*y + 27. Let g be c(8). Let a(x) = 2*x - 1. Let z be a(g). Let t = -13 - -28. What is the highest common divisor of z and t?
5
Suppose -43*w + 39*w - 5*u = -96, 0 = 4*w + 3*u - 96. Let z = 82 + -10. What is the highest common factor of z and w?
24
Let j(o) = o**3 - 4*o**2 + 5*o - 6. Let q be j(4). Let f be 1/(-12)*-6*(107 + 5). What is the highest common factor of q and f?
14
Suppose -16*j - 11*j = -19602. Calculate the greatest common factor of j and 66.
66
Let f be 3/(-2)*28/(-21). Suppose f*i = 3*i - 3. Suppose -g + i*g + 5*b - 41 = 0, 3*g + 4*b - 44 = 0. What is the greatest common factor of 8 and g?
8
Suppose 0 = -3*z - 4*i + 47, -5*z + 125 = -3*i - 2*i. Calculate the greatest common divisor of z and 287.
7
Let u(j) = 26*j**2 + 3*j - 2 + j + 4. Let a be u(-1). Calculate the greatest common factor of 96 and a.
24
Let w be (-2)/(4/(-26)) - -2. Let a be 65 - (0 + 7 - 3). Let o = -31 + a. Calculate the greatest common factor of w and o.
15
Let f = 52 + -73. Let o = f + 25. What is the highest common factor of 1 and o?
1
Let j be (-2)/(-2) - (-92)/(-8)*-4. Calculate the greatest common factor of 564 and j.
47
Let y(q) = 32*q - 25. Let v be y(8). What is the highest common factor of 66 and v?
33
Let x(u) = -3*u**2 + 12*u + 4. Let n be x(4). Suppose 0 = -4*l + 3*q + 448, 0 = n*l - q - q - 448. Calculate the highest common divisor of 16 and l.
16
Suppose 0 = -9*g + 86 - 5. Suppose -2*k = -g*k + 819. Calculate the greatest common factor of k and 78.
39
Suppose 901 = 3*z + u + 155, 3*z - 3*u = 762. What is the highest common factor of 50 and z?
50
Suppose -3*p - 4*j = 61, -j = 5 - 1. Let i be (-3)/(-5) - (-9)/p. Suppose m - 5*m + 448 = i. What is the greatest common divisor of 14 and m?
14
Let a(w) = -w**3 + 12*w**2 + 5*w - 11. Let n be a(12). What is the greatest common divisor of n and 28?
7
Let b(j) = 16*j**2 - 28*j + 138. Let t be b(7). What is the greatest common factor of t and 132?
66
Let l be 102/10*20/(8 - 6). What is the greatest common factor of 6 and l?
6
Suppose 1 - 16 = 5*v, 0 = -4*a - 5*v + 49. Suppose -3*p + 12 = 3*m, 5*m - 20 = p + 2*p. Calculate the greatest common divisor of a and m.
4
Let z be 7 - ((-6 - -8) + -2). Suppose 0 = -0*c + 3*c - 96. Suppose -5*p - z = -c. Calculate the highest common factor of 20 and p.
5
Let y = -369 - -1587. Let s be (-4)/(-10) - y/(-105). Calculate the greatest common divisor of 60 and s.
12
Suppose -3*d - 24 = -c, 0 = -5*d - 3*c - 13 - 27. Let o be (d/(-3))/(4/66). What is the highest common factor of 4 and o?
4
Let o be -2*(4 + -6 - 0). Let a be (-15)/20 + 57/12. Calculate the highest common divisor of a and o.
4
Let w = 50 + -24. Suppose -5*d = -w - 24. Suppose 961*h = 971*h - 100. Calculate the highest common divisor of d and h.
10
Suppose 3*y + 19*y = 462. Suppose y = o - 30. What is the highest common divisor of 17 and o?
17
Let y = -1579 - -1660. Calculate the greatest common factor of 2997 and y.
81
Suppose -583 = -2*r - 3*p, -2*r - 5*p + 64 = -513. What is the highest common factor of 37 and r?
37
Let u(v) be the second derivative of 1/3*v**3 + 4*v + 0*v**2 + 13/12*v**4 + 0. Let x be u(2). Calculate the highest common divisor of x and 8.
8
Suppose 2*g + 16 = 398. Let i = g - 149. What is the greatest common factor of i and 70?
14
Suppose n - 3*t - 34 = 2*t, 147 = 5*n - 2*t. Suppose 0 = 2*o - 15 + n. Let x be (-72)/o + 6/(-21). What is the greatest common factor of 40 and x?
10
Let x = -690 + 1243. What is the highest common factor of x and 7?
7
Let n(f) = 14*f**3 - f**2 - f. Let h be n(-1). Let z = h + 104. Calculate the greatest common factor of 36 and z.
18
Let w be -1 - (1 + -2 - (-4 + 54)). Let g = -28 + w. What is the greatest common factor of 176 and g?
22
Let a = -19 - -24. Suppose a*r - 4*z = 105, -2*r + 5*z + 70 - 28 = 0. Suppose 4*g - g - r = 0. Calculate the highest common factor of g and 63.
7
Suppose -6 = -l + 2*i, -2*l - 4*i = -3 - 1. Suppose r + l*f = 86 - 16, 2*f = 5*r - 240. Calculate